te the greatest common factor of 11 and r.
11
Suppose 2*o = 3*o - 3. Suppose -4*h = o*q - 91, -3*q + 0 = -3. Let r = 12 + 43. Calculate the greatest common divisor of r and h.
11
Let k(w) = -w - 6. Let x be k(-8). Let l(t) = t**3 + t**3 - 3*t**3 - x. Let v be l(-3). Calculate the greatest common divisor of 5 and v.
5
Suppose 3*w - 73 = -7. Let z = w + -16. Let g(f) = f**2 - 8*f + 11. Let i be g(7). What is the greatest common factor of z and i?
2
Suppose 4*z + 76 = 4*x, -2*z + 29 + 13 = 3*x. Calculate the greatest common divisor of 80 and x.
16
Let t(n) = 25*n + 6. Let b be t(6). Suppose 2*k - 2*i + 0*i = b, 4*i + 12 = 0. Calculate the greatest common factor of k and 30.
15
Let w be 2 - (1 + (-28)/(-2)). Let i be -3*(-1)/1*w. Let p be 2/3 - i/9. Calculate the greatest common factor of p and 5.
5
Suppose 0 = 2*d - 4*q - 68, 3*d + 2*q = 53 + 25. What is the highest common factor of d and 42?
14
Let a be 1/(-3) + 57/9. Suppose 4*h + 8 = -4. Let v be h/a - (-41)/2. Calculate the greatest common factor of 50 and v.
10
Suppose -23*i = -19*i - 56. Suppose b + 448 = 5*b. What is the highest common factor of i and b?
14
Let c be (-6)/4*(-18 + -2). What is the highest common divisor of c and 12?
6
Suppose i - 2*g = 2 - 0, -20 = -4*i + 2*g. What is the highest common divisor of 4 and i?
2
Suppose 4*h + h - 35 = 0. Let u be 93/h - 6/21. Suppose 5*y = 3*b + 80, -b - 28 = -y + 2*b. Calculate the highest common factor of y and u.
13
Suppose 2*z + 4*f - 8 = 12, -3*f = 3*z - 24. What is the highest common factor of z and 6?
6
Let p = -60 - -184. What is the greatest common divisor of 4 and p?
4
Suppose -8*i + 80 = -3*i. Suppose 19 = -4*a + 83. What is the greatest common divisor of a and i?
16
Suppose -6*n = -67 - 29. Calculate the highest common divisor of 64 and n.
16
Let u(z) = -17*z - 8. Let g(f) = -17*f - 9. Let o(r) = -6*g(r) + 7*u(r). Let m be o(-2). Let d = 30 + -22. What is the greatest common factor of d and m?
8
Suppose 0*u - 5*a = 3*u - 125, -5*u + 215 = 5*a. Calculate the greatest common factor of 27 and u.
9
Let z(u) = 71*u + 3. Let d be z(-3). Let t = -122 - d. Calculate the highest common factor of t and 11.
11
Let b = 17 - 19. Let a = 17 + b. Calculate the highest common factor of a and 75.
15
Let g be (-3 - 1)*-2*1/4. Calculate the highest common divisor of 2 and g.
2
Suppose 18 + 0 = m. What is the greatest common divisor of 27 and m?
9
Suppose -3*a + 4*x - 31 = 0, -2*x - 4 = -a - 15. Let f be -2 - (a/(-3) + -7). What is the highest common factor of f and 3?
1
Let w be (-2)/(-4)*207*2. Let m = w - 21. Suppose 2*p + m = 5*q, 2*q - 5*p = 7*q - 165. What is the greatest common divisor of q and 4?
4
Let h be 6/(-27) + (-58)/(-18). Suppose 7 = h*c + 4. Let i(g) = -g**2 + 4*g + 4. Let l be i(4). What is the highest common divisor of c and l?
1
Let o(q) = q + 2. Let j(c) = -c**3 + 7*c**2 - 7*c + 8. Let b be j(6). Let f be o(b). Let l be (-2)/f*(-4 + -2). What is the greatest common divisor of 15 and l?
3
Let n be (82/(-6))/(2/(-36)). Let m = n + -506. Let p be 2/(-8) - m/16. What is the highest common divisor of p and 176?
16
Suppose -5*g + 17 - 2 = 0. Let j be ((-4)/g)/((-6)/45). What is the greatest common divisor of 2 and j?
2
Suppose 2*b - 3*b = -5. Suppose 3*y = b*n + 124, 5*y - y - 2*n = 184. What is the greatest common divisor of 12 and y?
12
Suppose 118 = 2*k - 2*b, 54 + 237 = 5*k - 4*b. Let g be 3/(6/22)*1. What is the greatest common factor of g and k?
11
Suppose -4 - 6 = 3*c - 2*t, 0 = -5*c + t - 5. Suppose x + 4*x - 50 = c. Let n = 32 - 22. Calculate the highest common divisor of x and n.
10
Let c(f) = f**3 - 3*f**2 - 2*f - 5. Let b be c(4). Suppose d + 1 = 2*d. Suppose 2*t - 40 = -2*i, -d = -i + 1. Calculate the highest common factor of t and b.
3
Suppose 0 = 4*y - 0*y - 1268. Let l = y + -221. What is the highest common divisor of 12 and l?
12
Suppose 2*i + 2*i - 448 = 0. Let v = 21 - 7. What is the highest common divisor of i and v?
14
Let z(p) = 5 + 4*p - 4 + 2*p**2 + 0 + 5. Let q be z(-5). Calculate the highest common divisor of q and 18.
18
Let t(o) = -o**2 - 5*o + 1. Let p be t(-4). Suppose p*d + 4*w = 27, 18 = 3*d - 0*d + 3*w. Calculate the greatest common factor of d and 3.
3
Let q be (2 + 2)/(1/8). Let g be q/6 - 4/(-6). Suppose w = -3*a + g, 0 = -w - w - a + 7. What is the highest common divisor of w and 12?
3
Let s(v) = 14*v**2 - v. Let x(p) = 2*p**3 - 2*p**2 + p. Let a be x(1). Let m be s(a). Let t = m - -5. Calculate the highest common factor of 54 and t.
18
Let w(s) = -s - 1. Let b(l) = l**2 + 6*l + 3. Let z be b(-4). Let y be w(z). Let q be (7 - 0)*12/14. Calculate the highest common factor of q and y.
2
Let k(l) = -24*l**3 + 2*l**2 - 4*l + 3. Let s be k(2). Let m = -123 - s. Calculate the highest common factor of m and 6.
6
Suppose -6 = v - 2*v. Let u = 32 + v. What is the greatest common factor of u and 19?
19
Suppose -13 = 5*g - 3. Let f be g/(-1) + (2 - -271). Calculate the greatest common divisor of f and 25.
25
Let b(n) = -5*n + 3*n + 3*n - 7. Let o be b(5). Let f be ((-10)/6)/(o/6). What is the highest common divisor of 5 and f?
5
Let t be (-7)/(-21) + 80/3. What is the greatest common factor of 3 and t?
3
Let r = 89 - 27. What is the highest common divisor of r and 93?
31
Let h be ((-110)/3)/(-2 - (-20)/12). Calculate the highest common divisor of h and 10.
10
Suppose 0 = -5*h - a + 137, -4*h + 37 = -3*h + 5*a. What is the highest common divisor of h and 9?
9
Let l(q) be the third derivative of -11*q**4/24 - 11*q**3/6 - 6*q**2. Let x be l(-9). Calculate the greatest common divisor of 11 and x.
11
Let r be 88/((-16)/(-12) + -1). What is the highest common factor of r and 24?
24
Let d = 124 + -58. Calculate the greatest common factor of 6 and d.
6
Let a(k) = -k**2 - 5*k - 5. Let d be a(-3). Calculate the highest common factor of d and 3.
1
Let u(c) = 2*c + 3. Let h be u(-6). Let r be (-30)/h + (-2)/6. What is the highest common factor of r and 27?
3
Suppose 41 = 4*a + 5. Calculate the highest common factor of 27 and a.
9
Let f be (99 - (-3 - -1)) + -2. Calculate the greatest common factor of f and 11.
11
Let p be (4/(-6))/(6/45). Let h be p*(-1)/(10/66). Calculate the greatest common factor of h and 11.
11
Suppose 52*s = 49*s + 441. Calculate the highest common divisor of 49 and s.
49
Let c(i) be the first derivative of 4 - 2*i + 5/2*i**2 + 1/3*i**3. Let f be c(-6). Calculate the greatest common factor of f and 32.
4
Suppose 2 = z - 1. Suppose 2 = l + 3*r, 6 = -0*l + z*l + 4*r. Suppose -l*w - w = -3. Calculate the highest common divisor of w and 7.
1
Suppose 6*z = -2*z + 400. Let r = -7 - -27. What is the highest common factor of z and r?
10
Let n be (-1)/((-17)/(-8) - 2). Let l(s) = -s - 5. Let c be l(n). Suppose -64 = -c*w + 4*z, 5*z = -0*z + 10. What is the greatest common divisor of w and 36?
12
Let o be -6*(-1)/(-2 - -5). Suppose 0 = 3*b - 2*b - o. What is the highest common factor of b and 4?
2
Let g be 5/(25/(-2)) - 127/(-5). What is the highest common divisor of 5 and g?
5
Suppose 2*p = 12*p - 40. Suppose -2*o + 3 = -4*b - 1, -o - b = -5. Calculate the greatest common factor of p and o.
4
Let s(j) = -117*j + 1. Let f(d) = 467*d - 4. Let z(m) = 2*f(m) + 9*s(m). Let v = -1 + 0. Let t be z(v). Calculate the greatest common divisor of t and 15.
15
Suppose 8 = -4*o, 6*o - 3*o - 506 = -4*g. What is the greatest common divisor of 16 and g?
16
Let p = -18 + 47. Suppose 4 = -5*a + p. Let m be a*((-39)/(-15) + -1). Calculate the highest common divisor of m and 24.
8
Suppose b - 15 = -4*f, 6 = -3*b + 5*b. Let y(q) = 16*q + 2. Let d be y(f). Suppose -5*o + 30 = -d. Calculate the highest common divisor of 128 and o.
16
Let w be (32/(-40))/(1/(-5)). Calculate the greatest common factor of w and 4.
4
Suppose -488 = -4*j - 88. Suppose b = 2*b - j. Let v = b - 37. Calculate the greatest common factor of 9 and v.
9
Suppose -2*o - 3 = -11. Suppose 24 = -o*w + 116. What is the highest common factor of 253 and w?
23
Let j(d) = -2 + 0 - 9*d**2 + 1. Let z be j(-1). Let v be (-133)/(-9) + z/(-45). Calculate the highest common factor of 60 and v.
15
Suppose 2*x - l = 67 - 6, 0 = -3*l - 3. Let g = x - 19. Let u(b) = 5*b + 9. Let v be u(7). What is the greatest common divisor of v and g?
11
Suppose 4*l - 2*h - 24 = 2*l, -3*l = 2